g**2. Determine n(5).
4
Let u(g) = -6*g**3 + g**2. Suppose 7*l + 152 = -86. Let p = -30 - l. Suppose 11 = p*d + 7. Calculate u(d).
-5
Let o be 2*2*(-1)/(-2). Suppose 4*r - 3*f = 19, -4*r = -f + 3*f + 6. Let k(l) = 17 - r + 1 - 3 - 11 - l. Determine k(o).
1
Let v(u) = u**2 + 12*u - 6. Let p be 9 - (-61)/(-7) - (-30)/(-7). Let r be 1932/(-210) + p/5. What is v(r)?
-26
Let y(l) = 3*l**2 + 0*l - 7*l - 12*l**2 + 3*l - 6. What is y(-3)?
-75
Let a(s) be the second derivative of s**3/3 - 42*s**2 + 200*s - 5. What is a(46)?
8
Let k = -425 - -418. Let g(o) = -o**3 - 8*o**2 - 3*o + 10. Calculate g(k).
-18
Let x(y) be the second derivative of -y**5/20 + 5*y**4/6 - 5*y**3/3 + 9*y**2/2 - y. Let z = -122 - -131. Determine x(z).
0
Let n be -1*(-1*(-1 - -2) - 0). Let z(r) = -n + 126*r**2 - 2*r - 251*r**2 + 127*r**2. Let u be 1 + -6 + (1 - -1). What is z(u)?
23
Suppose -4*x = 11*x - 45. Let p(l) = 6 - x*l - 14 + 5 + l**2 + 9. Calculate p(3).
6
Suppose q = -29*q + 450. Let s(o) = -o + o**2 - q*o**2 + 18*o**2. Determine s(-1).
5
Let l(x) = 26*x**2 - 25*x**2 + x**3 - 3*x + 5*x. Suppose 2*u = z - 19, 5*z - u + 5*u - 67 = 0. Let b be ((-3)/(-2))/(-3) + z/(-10). What is l(b)?
-8
Suppose 0 = 42*o - 91 + 7. Let i(z) be the second derivative of -z**5/30 - z**4/12 + 5*z**3/6 - 5*z. Let b(d) be the second derivative of i(d). Determine b(o).
-10
Let f(l) = 13*l**2 - 2. Let v be f(1). Let q(k) = -5*k - 2*k**2 + v*k - k**3 - 6 - 7*k**2 + 6*k**2. Let w = 71 + -76. Determine q(w).
14
Suppose -h + 11 = 1. Let u(r) be the first derivative of -r**4/4 + 10*r**3/3 + 10*r + 1896. Determine u(h).
10
Suppose -5*d + 7 = 4*l - 23, 5*l - 23 = d. Let g be -6*4/8 + l. Let k(y) = -y + y + y**2 + 3 - 4. What is k(g)?
3
Let g(s) = s**3 + 16*s**2 - 15*s + 11. Let v be (-255)/(-3)*(-67)/335. Determine g(v).
-23
Let c(s) = -45*s - 175. Let q be c(-4). Let a(x) = -3*x**3 + 17*x**2 - 10*x + 16. What is a(q)?
16
Let z(w) = -2*w**3 + 17*w**2 + 7*w + 7. Suppose -15 = -n + 3*l, 4*n + 2*l = 6*l + 44. Calculate z(n).
-11
Suppose -5*d = -5*x - 95, 0 = -2*d - 0*x - 5*x + 10. Let k(c) = c**3 - 14*c**2 - 16*c + 13. Calculate k(d).
-2
Let z(u) = 14*u**2 + 4*u - 2. Let d(w) = -5*w**2 - w + 1. Let c(q) = -8*q + 15. Let f be c(5). Let k = f - -19. Let g(x) = k*z(x) - 17*d(x). Give g(4).
-17
Let c(s) = 5*s**2 - 4 - 29*s**2 + 21*s + 14*s**2 + 11*s**2. What is c(-21)?
-4
Let y be (-2*(-4)/(-8))/(2/(-8)). Suppose -6*p + 2*p = 4*r, -4*r + y*p + 16 = 0. Let o(f) be the third derivative of f**4/8 + 10*f**2. Determine o(r).
6
Let d(x) = -x**3 + 2*x**2 - 2*x. Let v(p) = -p**3 + 9*p**2 - 15*p + 12. Let t be v(7). Let j be t + ((-57)/(-76))/((-1)/4). What is d(j)?
-4
Let w(z) = -7*z + 232. Let n be w(34). Let c(r) = 2*r**3 + 6*r**2 - 2*r - 9. Let k(m) = m**3 + 1. Let s(u) = c(u) - k(u). Give s(n).
2
Let r be (18 + 0)/3 + -9 + 6. Let v be ((10 - r) + -7)/2. Let z(t) = t**3 - t**2 - 2*t + 8. Calculate z(v).
8
Let b(i) = -i**2 - 21*i - 18. Let m(l) = l**3 - 33*l**2 + 113*l + 67. Let f be m(29). Calculate b(f).
2
Suppose 0 = 3*u + 2*z - 1, -1 = -5*u - 4*z - 0*z. Let y(f) be the third derivative of -13/60*f**5 + 0*f + 1/12*f**4 - 45*f**2 - 1/6*f**3 + 0. What is y(u)?
-12
Let n(j) = -8*j - 27. Suppose 4*f + 5*o + 36 = 0, 2*f + 0 - 12 = 5*o. Determine n(f).
5
Let c be (3 + 0 - 4)*(1 - 0). Let v(r) = 3 - 9*r + 8*r - 9*r + 11*r. Give v(c).
2
Let x = 158 - 151. Let o be (4 + (4 - x))*1. Let j(r) be the second derivative of -2*r**4 + 4*r. What is j(o)?
-24
Let r(h) = 13*h - 20. Suppose 2*n - 5*w - 9 = 0, 5*n + 4*w = 9*w + 15. Determine r(n).
6
Let d(v) = -115*v**2 - v**3 + 117*v**2 - 1 - 5*v**3. Let z(x) = x**3 - 8*x**2 + 6*x + 9. Let k be z(7). Let y be -3 - -3 - (-1 + k). Calculate d(y).
7
Let f(y) = -y + 3 - 1 + 1 + 1. Let s = -111 - -90. Let h be 3 - (-51)/s - 208/(-28). What is f(h)?
-4
Let b(u) be the first derivative of u**3/3 + u**2/2 - u + 1. Suppose 15 = -c + 3*l, 5*c - 115 = 2*l - 112. What is b(c)?
11
Let o(a) = -70*a**3 + 2*a + 1. Suppose -3 = -193*h + 196*h. Determine o(h).
69
Let s(x) = 2*x**2 + 19*x - 21. Let j be s(-10). Let y(b) = -b**3 - 9*b**2 + 21*b - 6. Let h be y(j). Let p(d) = -d - 1. Give p(h).
-6
Let b(u) = 2*u**2 + 25*u. Suppose -13*j - 360 = 30*j - 13*j. Give b(j).
-12
Let q be (-6 - (-12 - -8))/(-2). Suppose x - 12*m = -10*m + q, -2*x = 3*m - 9. Let h(l) = -l**3 + 2*l**2 - 1. Determine h(x).
-10
Let x(o) = -2*o**2 + 8*o - 6. Suppose 6*l = 5*l + 167. Let r = l + -162. What is x(r)?
-16
Let m(n) be the first derivative of -4*n**3/3 - 15*n**2/2 + 6*n - 329. Give m(-7).
-85
Let a(r) = -2*r**2 - 14*r - 9. Let x(p) = -3*p**2 - 27*p - 19. Let n(z) = -5*a(z) + 3*x(z). Suppose -4*w - 3*b = -0*w + 11395 - 11416, -b = 9. Calculate n(w).
0
Let w(c) = c**2 - 3*c - 1. Suppose 0 = 6*f - 2*f + 2*f. Suppose f = -2*h - 4*s + 2, h - 6 = 3*s. What is w(h)?
-1
Let r(j) = -j**3 + 12*j**2 - 9*j - 6. Let o be (-2 - 4) + 41 + -4. Suppose 11 = -30*f + o*f. Determine r(f).
16
Let y(z) be the third derivative of z**5/60 + 13*z**4/24 - 7*z**3/3 - 5822*z**2. Determine y(-6).
-56
Let j(k) be the first derivative of 127 + 1/2*k**2 - 16*k. Let q = -5 + 12. Determine j(q).
-9
Let u(p) = -7*p + 5. Let v(r) = -r. Let c(l) = u(l) - 4*v(l). Suppose 16*d - 11*d = 80. Let h be (d/(-6))/((-8)/12). Calculate c(h).
-7
Let i(m) = 393 - 251 - 274 + 20*m. Give i(7).
8
Let j = 4123 + -4120. Let m(d) be the third derivative of -1/6*d**j + 0 + 0*d**4 + 1/60*d**5 + 1/6*d**6 + 0*d + 4*d**2. What is m(1)?
20
Let y(g) = 9*g**2 - g**3 - 4 - 3*g**2 + 0*g**2 + 6*g + 9 - 5*g**2. Calculate y(3).
5
Let s(n) = 21*n**3 - 3*n**2 + 5*n - 10. Let r be s(2). Let g(a) = -2*a - r - 2*a + 84 + 74. Calculate g(3).
-10
Let n(f) = f**2 + 3*f + 4. Let i be n(-5). Let x = i - 5. Let z(q) = -2 + 11 - 5 + 5 - q. Determine z(x).
0
Let f(o) = o**3 - 5*o**2 - 4*o - 3. Suppose -4*g + 36 = -4*l, -5*g + 3*l - 18 + 59 = 0. Let b(c) = c**3 - 5*c**2 - 12*c - 9. Let i be b(g). What is f(i)?
-23
Let u be (6/(-2))/((-3)/2). Let m(t) = -t + 9. Let f be m(u). Let c(j) = 18 + j - f - 9 - 5. Determine c(4).
1
Let g(d) = d**2 - 9*d + 6. Let b(c) = -2*c**2 + 117*c + 70. Let x be b(59). Let n = x - 6. What is g(n)?
-14
Let z = -23895 + 23889. Let i(h) = h**3 + 5*h**2 - 5*h - 5. Determine i(z).
-11
Let m(v) = -v**2 - 18*v + 85. Let g = 2259 + -2281. What is m(g)?
-3
Let g(u) = -u + 3. Suppose -3*v = -n + 4, -7*v + 9*v + 12 = 2*n. Suppose -n*l - 140 = 3*l. Calculate g(l).
17
Suppose 17 = -11*b + 43*b - 15. Let r(g) = 93*g**3. What is r(b)?
93
Let m(u) be the third derivative of -u**4/24 + u**3/6 - u**2. Let w(j) = 49 - j**2 + 23 - 20*j + j - 24 - 22*j. Let h be w(-42). Give m(h).
-5
Let u(a) = 3*a - 32 - 33 - 9 + 62. Calculate u(12).
24
Suppose -2*t = 1 + 5. Let m(w) = 7 + 1 - 9 + 3*w**2 - 2*w. Calculate m(t).
32
Let x(g) = g**3 - 5*g**2 - 2*g + 6. Suppose -18 = -6772*t + 6766*t. Determine x(t).
-18
Let i(m) = -2*m - 67. Let o(j) = -2*j**3 + 16*j**2 - 25*j + 200. Let q be o(8). Give i(q).
-67
Let h(u) be the second derivative of 2*u**4/3 - 5*u**3/6 - 2*u**2 + 55*u - 4. What is h(-1)?
9
Let k(j) = 15 + 19*j - 10 - 6 - 4*j**2 - 10. Let g be k(3). Let t(p) = 2*p**2 - 19*p - 13. Give t(g).
-3
Let v be 11 + (-12 - 0) - -3. Let t = 3 - -5. Let d(z) = 4 + 6*z**2 - 7*z**v + t*z - 12*z. Calculate d(-6).
-8
Suppose 12*x = -85 + 133. Let q(p) be the first derivative of -1/3*p**3 - 7/2*p**2 + x + 2*p. Determine q(-4).
14
Suppose 2*y + 0*y + 12 = 4*p, 0 = 4*p - 3*y - 16. Let i(o) = -p - 8*o - 9*o + 2 + o. Suppose -5*k = 2*c - 5*c + 17, 5*k + c = -1. Calculate i(k).
17
Let k(m) = -2*m**3 - 12*m**2 + 13*m + 15. Suppose -2*u = -3*h - 11, 162 - 154 = h - 3*u. Calculate k(h).
22
Suppose -150*j + 2102 = -1198. Let i(r) = r**3 - 22*r**2 - 3*r + 6. Calculate i(j).
-60
Let w(y) = 65*y + 30. Let n(a) = 344*a + 152. Let d(f) = -3*n(f) + 16*w(f). Give d(-3).
0
Let p(k) = -k**2 + 26*k - 69. Let l(n) = -22*n**3 - 6*n**2 - 12*n - 6. Let c be l(-1). Determine p(c).
19
Let j(b) = -16*b**2 - 2*b - 1. Let g = -24 - -53. Suppose -g*i = -25*i - 12. Suppose -i*c + 3*z = -5*c + 1, -c = z. Give j(c).
-15
Let s(k) = k**2 + 5*k + 1. Let j(v) be the second derivative of -1/3*v**3 - 26*v + 0 + 27/2*v**2. Let o be j(16). What is s(o)?
1
Let b(c) = -c**3 - 8*c**2 + 4. Suppose a + 654*i + 31 = 650*i, 0 = -2*a - 3*i - 32. Give b(a).
-45
